))/((-1)/(-2)). Suppose j*r = 3*g - 109, g = -5*r + 1 + 2. What are the prime factors of g?
2, 7
Let q be 3/(3/(-2)) + 50*4. Let w = 314 - q. List the prime factors of w.
2, 29
What are the prime factors of 32*(115/40 + -3)*-270?
2, 3, 5
Suppose -2497 = -7*h + 4867. List the prime factors of h.
2, 263
Let o(j) = -13*j - 6. Let u be o(-1). Suppose -u*r + 94 + 291 = 0. What are the prime factors of r?
5, 11
Let w = -261 + 305. What are the prime factors of w?
2, 11
Suppose 10*d = 13*d - 1380. List the prime factors of d.
2, 5, 23
What are the prime factors of 160/(-24)*(-30)/25?
2
Let a(g) = 2*g**3 + 13*g - 7. List the prime factors of a(6).
503
Let q = -298 - -1261. What are the prime factors of q?
3, 107
Let o = -8 - -3. Let r(z) = -z**3 - 3*z**2 - 3*z + 3. Let b be r(o). Suppose b = 4*p - 2*p. List the prime factors of p.
2, 17
Let u(m) = m**3 - 13*m**2 + 4. Let b(x) = -14*x - 1. Let z be b(-1). Let q be u(z). Suppose 17 + 23 = q*h. What are the prime factors of h?
2, 5
Suppose 3*h + 0*h + 2*k - 20 = 0, 0 = 5*h - 2*k - 44. Suppose -h = -2*q + 2. Suppose 6 = -3*f, -q*y - f - 4*f = -55. What are the prime factors of y?
13
Let c be (4 + 7/(-2))/((-2)/(-20)). Suppose 0 = -c*u + 4*u + 44. What are the prime factors of u?
2, 11
Let k = -174 - -106. Let b = k + 115. Suppose -b = -j - 5. List the prime factors of j.
2, 3, 7
Let p be 1*(7 + -2 + -2). Let v(t) = -2*t**2 + 0*t + p*t**3 - 3 - 4*t**3 + 4*t. What are the prime factors of v(-4)?
13
Let y(v) = -4*v - 10. Let d be y(-5). Suppose -3*f + 4 = u - d, 3*f - 70 = -5*u. List the prime factors of u/(((-7)/2)/(-7)).
2, 7
Let v(f) = -f**3 - 13*f**2 - 2*f + 10. Let x be v(-14). List the prime factors of ((-32)/12)/(3/x*-4).
2, 13
Let h = 58 + 47. Let k = h - 73. List the prime factors of k.
2
Let v = 46 - -102. List the prime factors of v.
2, 37
Let f(u) = 6*u**2 + 2*u + 1. Let v be f(-1). Suppose -55 = -v*y + 30. What are the prime factors of y?
17
List the prime factors of (3 - 1 - 171)/(4/(-80)).
2, 5, 13
List the prime factors of ((-2860)/15)/(7/((-21)/2)).
2, 11, 13
Suppose 12 + 3 = 5*i. Suppose 20 = 4*g - 4*q, i*g = -2*q + 14 + 16. Suppose -5*w + g*w = 30. List the prime factors of w.
2, 5
Let k be (20/12)/(5/15). Suppose -p - s = s - 11, -23 = -k*p - 2*s. Suppose p*h - w = 52, 6*h + 2*w - 76 = 2*h. List the prime factors of h.
2, 3
Let t(w) = -87*w + 212. List the prime factors of t(-8).
2, 227
Let m = 7 - 3. Let a be m/14 - (-432)/(-42). What are the prime factors of (-13)/(-2) + 5/a?
2, 3
Let d be 2*-1 - (3 - -229)/(-4). Let m = d - -2. List the prime factors of m.
2, 29
Suppose -f = -0*f - 70. Let h(d) = d**3 - 50*d**2 + 94*d + 60. Let k be h(48). Let o = f + k. What are the prime factors of o?
2, 17
Suppose -71 = 4*i + 4*d + 57, 4*i - 4*d + 168 = 0. Let y = i - -61. What are the prime factors of y?
2, 3
Suppose -104 = -o - o. Suppose 3*a = 337 - o. List the prime factors of a.
5, 19
Suppose -16666 = -76*d + 63*d. What are the prime factors of d?
2, 641
Suppose 9*h - 10452 = 2310. What are the prime factors of h?
2, 709
What are the prime factors of 3858/18*4/((-8)/(-6))?
643
Let k(r) = 11*r + 193. List the prime factors of k(6).
7, 37
Let d be 12/(-6) + 6 + 3 + 1. Suppose -2*a - a + 3 = 0. What are the prime factors of (-46)/d*(-5 + a)?
23
Let b be -2*(1914/(-12) - -2). Suppose -12*m - b = -17*m. List the prime factors of m.
3, 7
Let g(l) = 6*l**2 - 5*l + 1. Let c be g(1). What are the prime factors of 40/(-15)*(-93)/c?
2, 31
Let i = 113 + 82. List the prime factors of i.
3, 5, 13
Let u = 1989 - 1170. List the prime factors of u.
3, 7, 13
Suppose -4*j + 0*j = -8. Suppose -2*f - 2*g + 76 = j*f, -4*f - 5*g + 88 = 0. Let z = f - 3. List the prime factors of z.
2, 7
Let z(l) = 12*l**2 + 2*l - 34. Let w be z(-6). Let d = 678 - w. What are the prime factors of d?
2, 73
List the prime factors of -2 + -3 + 297 - 0.
2, 73
Let m = -1413 - -2147. List the prime factors of m.
2, 367
Suppose -f = -4*j + 2*j - 501, -2*f - 2*j = -990. List the prime factors of f.
7, 71
Let g be (6 + 0)*52/39. Let q(d) = -4*d + 19. Let t be q(g). List the prime factors of (3 - 0)/(t/(-182)).
2, 3, 7
Let r = -1074 + 2557. What are the prime factors of r?
1483
Suppose -47*i + 39*i = -3680. What are the prime factors of i?
2, 5, 23
Suppose 4 = -10*h + 11*h. Suppose 2*s - 2 = -h. List the prime factors of ((-88)/32)/(s/12).
3, 11
Let b(w) = w**3 + 8*w**2 - 9*w - 7. Let i(j) = j**2 + 7*j + 1. Let y be i(-5). Let s be b(y). Let q(p) = -2*p + 12. What are the prime factors of q(s)?
2, 13
Let d = -321 - -401. List the prime factors of d.
2, 5
Let u = -9 + 12. Suppose -5*h + 7 = -u. Suppose 3*q = 2*q - 3*y, -3*y = h*q - 15. List the prime factors of q.
3, 5
Let t(d) = -d**3 - 5*d**2 - 9*d - 10. Let r be t(-7). Let i = r + -78. What are the prime factors of i?
73
Let m(s) = s + 12. Let o be m(0). Suppose x + 13 = o. Let n(l) = -39*l**3 - 2*l - 1. What are the prime factors of n(x)?
2, 5
List the prime factors of 10/45 + (-4028)/(-18).
2, 7
Let s(m) be the second derivative of -5*m**3/6 - 11*m**2/2 - 16*m. Let v(t) = -t**3 - 9*t**2 + t. Let g be v(-9). List the prime factors of s(g).
2, 17
Suppose g - 2*j - 229 = 0, 0 = g - 5*j - 326 + 82. Suppose -y - 220 = -5*i + 163, 3*y - g = -3*i. List the prime factors of i.
2, 19
Let n(g) = -4*g**3 - g**2 - 5*g - 1. Let l(c) = -c**3 + c**2 - c. Let q(j) = 3*l(j) - n(j). Let y be q(-4). List the prime factors of (-1 - 0)/(y/329).
47
Let j = 158 - 109. Suppose -3*z + 838 = j. List the prime factors of z.
263
Let f be 1/(-4) + 1122/(-24). Suppose -4*h = 8, 4*t + 5*h + 55 = -11. Let o = t - f. What are the prime factors of o?
3, 11
Let t(y) = -2*y + 12. Let j be t(8). Let d = -1 - j. What are the prime factors of 20/6 - (-2)/d?
2
Let d(f) be the third derivative of -f**4/24 + 19*f**3/6 + f**2. Let m(i) = 2*i**2 - 4*i + 7. Let w be m(3). List the prime factors of d(w).
2, 3
Let q(y) = 7*y - 13. Let s be q(5). Suppose -3*r - 12 = 0, 5*r + 71 = -i - 179. What are the prime factors of s/143 - i/26?
3
List the prime factors of (-1)/(25/10) + 4227/5.
5, 13
Suppose -36*b + 33*b + 153 = 0. List the prime factors of b/(18/(-12)*2/(-9)).
3, 17
Let o(a) = 13*a - 5. Let f = -34 - -44. What are the prime factors of o(f)?
5
Suppose 5*h - 4*l - 4 = 0, -h + 0*l + 2 = -2*l. Suppose h = 2*x - 3*t - 11, -2*t + 6 = x + 18. What are the prime factors of 970/40 + x/8?
2, 3
Let q(i) = -5*i - 1. Let c be q(-1). Suppose l - c*m = 11 + 19, -l = 2*m - 36. What are the prime factors of l?
2, 17
Suppose 7078 = 3*w + 1774. Suppose -272 = 11*h - w. What are the prime factors of h?
2, 17
Let s be (-38)/7 - (-8)/(-14). Let h(l) be the third derivative of -l**5/60 - 7*l**4/12 - l**3/6 + 4*l**2. What are the prime factors of h(s)?
47
Let m = 262 - -1239. What are the prime factors of m?
19, 79
Suppose 0*d = -13*d + 2379. Suppose 4*n - 793 - d = 0. List the prime factors of n.
2, 61
Let k = -862 + 1336. What are the prime factors of k?
2, 3, 79
Suppose -n = 2*l - 8, 0*l + 2*l = -4*n + 20. Suppose 0*z = n*q - 3*z - 437, 5*z = -4*q + 445. List the prime factors of q.
2, 5, 11
Let y(u) = -u - 8. Let z be y(8). Let o = 26 + z. List the prime factors of o.
2, 5
Suppose -30*l = -36*l + 2514. What are the prime factors of l?
419
Suppose -2*b + 0*b = -26. Let x(f) = -f**2 + 15*f - 9. List the prime factors of x(b).
17
Suppose 8*m = m - 42. Suppose -3*r = 2*r + 160. What are the prime factors of (r/m)/((-2)/(-6))?
2
Let k(r) = 13*r**2 + 4*r - 5. Let l(x) = -3*x**2 - x + 1. Let h(w) = -2*k(w) - 9*l(w). Let z be (-33)/9 - 4/(-6). List the prime factors of h(z).
7
Let y(j) = -j**3 + 18*j**2 + 42*j + 8. Let l(o) = o**3 - 18*o**2 - 43*o - 9. Let u(t) = 2*l(t) + 3*y(t). List the prime factors of u(20).
2, 3
Suppose v - 3*v + 1646 = 5*j, 2*v + 3*j - 1646 = 0. List the prime factors of v.
823
Suppose 3*y - 6*y = -4*p + 4881, 4*y = -3*p + 3692. What are the prime factors of p?
2, 3, 17
Let o(s) = -s**3 - 6*s**2 - 8*s - 10. Let l be o(-5). Suppose l*r = 4*n + 10, -4 = r - 3*r + n. Suppose 0*b - 36 = -r*b. List the prime factors of b.
2, 3
Suppose x - 6*x - 20 = 0. What are the prime factors of (-2)/x + (-69)/(-6)?
2, 3
Suppose -7 = u - 1. What are the prime factors of (-4 - 7)*(u + 1)?
5, 11
Suppose -3*p - 2271 = -3*c, -c + 493 = 4*p - 259. List th